[INFO] fetching crate notfeed 0.2.1...
[INFO] checking notfeed-0.2.1 against master#9610dfe5a9a731ced1ea4923ecbd0c57fe367898 for beta-170-4
[INFO] extracting crate notfeed 0.2.1 into /workspace/builds/worker-2-tc1/source
[INFO] validating manifest of crates.io crate notfeed 0.2.1 on toolchain 9610dfe5a9a731ced1ea4923ecbd0c57fe367898
[INFO] running `Command { std: CARGO_HOME="/workspace/cargo-home" RUSTUP_HOME="/workspace/rustup-home" "/workspace/cargo-home/bin/cargo" "+9610dfe5a9a731ced1ea4923ecbd0c57fe367898" "metadata" "--manifest-path" "Cargo.toml" "--no-deps", kill_on_drop: false }`
[INFO] started tweaking crates.io crate notfeed 0.2.1
[INFO] finished tweaking crates.io crate notfeed 0.2.1
[INFO] tweaked toml for crates.io crate notfeed 0.2.1 written to /workspace/builds/worker-2-tc1/source/Cargo.toml
[INFO] crate crates.io crate notfeed 0.2.1 already has a lockfile, it will not be regenerated
[INFO] running `Command { std: CARGO_HOME="/workspace/cargo-home" RUSTUP_HOME="/workspace/rustup-home" "/workspace/cargo-home/bin/cargo" "+9610dfe5a9a731ced1ea4923ecbd0c57fe367898" "fetch" "--manifest-path" "Cargo.toml", kill_on_drop: false }`
[INFO] [stderr]     Updating crates.io index
[INFO] [stderr]  Downloading crates ...
[INFO] [stderr]   Downloaded minifier v0.0.41
[INFO] [stderr]   Downloaded enquote v1.1.0
[INFO] [stderr]   Downloaded jsonnet-rs v0.17.0
[INFO] [stderr]   Downloaded quick-js v0.4.1
[INFO] [stderr]   Downloaded html-escape v0.2.9
[INFO] [stderr]   Downloaded macro-utils v0.1.3
[INFO] [stderr]   Downloaded diligent-date-parser v0.1.2
[INFO] [stderr]   Downloaded pcre2 v0.2.3
[INFO] [stderr]   Downloaded atom_syndication v0.9.1
[INFO] [stderr]   Downloaded clap_generate v3.0.0-beta.2
[INFO] [stderr]   Downloaded rhai_codegen v1.0.0
[INFO] [stderr]   Downloaded handlebars_misc_helpers v0.12.1
[INFO] [stderr]   Downloaded handlebars v4.1.2
[INFO] [stderr]   Downloaded latex2mathml v0.2.3
[INFO] [stderr]   Downloaded tracing-subscriber v0.2.19
[INFO] [stderr]   Downloaded quick-xml v0.20.0
[INFO] [stderr]   Downloaded smartstring v0.2.9
[INFO] [stderr]   Downloaded rss v1.10.0
[INFO] [stderr]   Downloaded libquickjs-sys v0.9.0
[INFO] [stderr]   Downloaded web-sys v0.3.52
[INFO] [stderr]   Downloaded jsonnet-sys v0.17.0
[INFO] [stderr]   Downloaded pcre2-sys v0.2.5
[INFO] [stderr]   Downloaded html-minifier v3.0.13
[INFO] [stderr]   Downloaded katex v0.4.0-alpha.1
[INFO] [stderr]   Downloaded rhai v1.0.1
[INFO] running `Command { std: "docker" "create" "-v" "/var/lib/crater-agent-workspace/builds/worker-2-tc1/target:/opt/rustwide/target:rw,Z" "-v" "/var/lib/crater-agent-workspace/builds/worker-2-tc1/source:/opt/rustwide/workdir:ro,Z" "-v" "/var/lib/crater-agent-workspace/cargo-home:/opt/rustwide/cargo-home:ro,Z" "-v" "/var/lib/crater-agent-workspace/rustup-home:/opt/rustwide/rustup-home:ro,Z" "-e" "SOURCE_DIR=/opt/rustwide/workdir" "-e" "CARGO_TARGET_DIR=/opt/rustwide/target" "-e" "CARGO_HOME=/opt/rustwide/cargo-home" "-e" "RUSTUP_HOME=/opt/rustwide/rustup-home" "-w" "/opt/rustwide/workdir" "-m" "1610612736" "--user" "0:0" "--network" "none" "ghcr.io/rust-lang/crates-build-env/linux@sha256:19e73879b68f455e41552ea35293514db52ea292d993f571636dbffedb77a1ee" "/opt/rustwide/cargo-home/bin/cargo" "+9610dfe5a9a731ced1ea4923ecbd0c57fe367898" "metadata" "--no-deps" "--format-version=1", kill_on_drop: false }`
[INFO] [stdout] 3d0ed1263ec3ede085d459891a0da71edab8190966c736ae729ab7bd7da1f5a5
[INFO] running `Command { std: "docker" "start" "-a" "3d0ed1263ec3ede085d459891a0da71edab8190966c736ae729ab7bd7da1f5a5", kill_on_drop: false }`
[INFO] running `Command { std: "docker" "inspect" "3d0ed1263ec3ede085d459891a0da71edab8190966c736ae729ab7bd7da1f5a5", kill_on_drop: false }`
[INFO] running `Command { std: "docker" "rm" "-f" "3d0ed1263ec3ede085d459891a0da71edab8190966c736ae729ab7bd7da1f5a5", kill_on_drop: false }`
[INFO] [stdout] 3d0ed1263ec3ede085d459891a0da71edab8190966c736ae729ab7bd7da1f5a5
[INFO] running `Command { std: "docker" "create" "-v" "/var/lib/crater-agent-workspace/builds/worker-2-tc1/target:/opt/rustwide/target:rw,Z" "-v" "/var/lib/crater-agent-workspace/builds/worker-2-tc1/source:/opt/rustwide/workdir:ro,Z" "-v" "/var/lib/crater-agent-workspace/cargo-home:/opt/rustwide/cargo-home:ro,Z" "-v" "/var/lib/crater-agent-workspace/rustup-home:/opt/rustwide/rustup-home:ro,Z" "-e" "SOURCE_DIR=/opt/rustwide/workdir" "-e" "CARGO_TARGET_DIR=/opt/rustwide/target" "-e" "CARGO_INCREMENTAL=0" "-e" "RUST_BACKTRACE=full" "-e" "RUSTFLAGS=--cap-lints=forbid" "-e" "RUSTDOCFLAGS=--cap-lints=forbid" "-e" "CARGO_HOME=/opt/rustwide/cargo-home" "-e" "RUSTUP_HOME=/opt/rustwide/rustup-home" "-w" "/opt/rustwide/workdir" "-m" "1610612736" "--user" "0:0" "--network" "none" "ghcr.io/rust-lang/crates-build-env/linux@sha256:19e73879b68f455e41552ea35293514db52ea292d993f571636dbffedb77a1ee" "/opt/rustwide/cargo-home/bin/cargo" "+9610dfe5a9a731ced1ea4923ecbd0c57fe367898" "check" "--frozen" "--all" "--all-targets" "--message-format=json", kill_on_drop: false }`
[INFO] [stdout] 688f7986c49a97523783447a9e93e781d41a7cb4cb82811d4baeaa7563c0ba7e
[INFO] running `Command { std: "docker" "start" "-a" "688f7986c49a97523783447a9e93e781d41a7cb4cb82811d4baeaa7563c0ba7e", kill_on_drop: false }`
[INFO] [stderr]    Compiling proc-macro2 v1.0.28
[INFO] [stderr]    Compiling syn v1.0.74
[INFO] [stderr]    Compiling libc v0.2.98
[INFO] [stderr]    Compiling log v0.4.14
[INFO] [stderr]    Compiling memchr v2.4.0
[INFO] [stderr]     Checking once_cell v1.8.0
[INFO] [stderr]    Compiling serde_derive v1.0.127
[INFO] [stderr]    Compiling serde v1.0.127
[INFO] [stderr]     Checking bytes v1.0.1
[INFO] [stderr]     Checking smallvec v1.6.1
[INFO] [stderr]     Checking itoa v0.4.7
[INFO] [stderr]    Compiling futures-core v0.3.16
[INFO] [stderr]     Checking instant v0.1.10
[INFO] [stderr]     Checking lock_api v0.4.4
[INFO] [stderr]    Compiling tokio v1.9.0
[INFO] [stderr]    Compiling futures-macro v0.3.16
[INFO] [stderr]    Compiling proc-macro-nested v0.1.7
[INFO] [stderr]    Compiling futures-task v0.3.16
[INFO] [stderr]    Compiling cc v1.0.69
[INFO] [stderr]     Checking futures-sink v0.3.16
[INFO] [stderr]     Checking http v0.2.4
[INFO] [stderr]    Compiling futures-util v0.3.16
[INFO] [stderr]    Compiling num-traits v0.2.14
[INFO] [stderr]    Compiling quote v1.0.9
[INFO] [stderr]    Compiling typenum v1.13.0
[INFO] [stderr]     Checking parking_lot_core v0.8.3
[INFO] [stderr]     Checking getrandom v0.2.3
[INFO] [stderr]     Checking parking_lot v0.11.1
[INFO] [stderr]     Checking num_cpus v1.13.0
[INFO] [stderr]     Checking mio v0.7.13
[INFO] [stderr]     Checking signal-hook-registry v1.4.0
[INFO] [stderr]     Checking tracing-core v0.1.18
[INFO] [stderr]    Compiling generic-array v0.14.4
[INFO] [stderr]    Compiling httparse v1.4.1
[INFO] [stderr]     Checking slab v0.4.4
[INFO] [stderr]     Checking tinyvec v1.3.1
[INFO] [stderr]     Checking rand_core v0.6.3
[INFO] [stderr]     Checking time v0.1.43
[INFO] [stderr]    Compiling ring v0.16.20
[INFO] [stderr]    Compiling futures-channel v0.3.16
[INFO] [stderr]     Checking form_urlencoded v1.0.1
[INFO] [stderr]    Compiling getrandom v0.1.16
[INFO] [stderr]     Checking rand_chacha v0.3.1
[INFO] [stderr]     Checking unicode-bidi v0.3.5
[INFO] [stderr]    Compiling num-integer v0.1.44
[INFO] [stderr]    Compiling encoding_rs v0.8.28
[INFO] [stderr]     Checking unicode-normalization v0.1.19
[INFO] [stderr]    Compiling serde_json v1.0.66
[INFO] [stderr]     Checking rand v0.8.4
[INFO] [stderr]     Checking digest v0.9.0
[INFO] [stderr]     Checking block-buffer v0.9.0
[INFO] [stderr]    Compiling unicase v2.6.0
[INFO] [stderr]    Compiling proc-macro2-diagnostics v0.9.1
[INFO] [stderr]    Compiling num-bigint v0.4.0
[INFO] [stderr]     Checking cpufeatures v0.1.5
[INFO] [stderr]     Checking opaque-debug v0.3.0
[INFO] [stderr]    Compiling ucd-trie v0.1.3
[INFO] [stderr]     Checking sha-1 v0.9.7
[INFO] [stderr]     Checking idna v0.2.3
[INFO] [stderr]    Compiling pest v2.1.3
[INFO] [stderr]     Checking want v0.3.0
[INFO] [stderr]    Compiling mime_guess v2.0.3
[INFO] [stderr]     Checking rand_core v0.5.1
[INFO] [stderr]    Compiling proc-macro-error-attr v1.0.4
[INFO] [stderr]     Checking url v2.2.2
[INFO] [stderr]     Checking http-body v0.4.3
[INFO] [stderr]     Checking socket2 v0.4.1
[INFO] [stderr]    Compiling ahash v0.7.4
[INFO] [stderr]     Checking tower-service v0.3.1
[INFO] [stderr]     Checking httpdate v1.0.1
[INFO] [stderr]    Compiling yansi v0.5.0
[INFO] [stderr]    Compiling maplit v1.0.2
[INFO] [stderr]    Compiling derive_builder v0.9.0
[INFO] [stderr]    Compiling unicode-segmentation v1.8.0
[INFO] [stderr]    Compiling pest_meta v2.1.3
[INFO] [stderr]     Checking rand_chacha v0.2.2
[INFO] [stderr]     Checking input_buffer v0.4.0
[INFO] [stderr]    Compiling uncased v0.9.6
[INFO] [stderr]     Checking remove_dir_all v0.5.3
[INFO] [stderr]    Compiling heck v0.3.3
[INFO] [stderr]     Checking safemem v0.3.3
[INFO] [stderr]     Checking tungstenite v0.12.0
[INFO] [stderr]     Checking buf_redux v0.8.4
[INFO] [stderr]     Checking tempfile v3.2.0
[INFO] [stderr]     Checking quick-xml v0.20.0
[INFO] [stderr]     Checking smartstring v0.2.9
[INFO] [stderr]     Checking rand v0.7.3
[INFO] [stderr]     Checking regex-automata v0.1.10
[INFO] [stderr]    Compiling darling_core v0.10.2
[INFO] [stderr]     Checking webpki v0.21.4
[INFO] [stderr]     Checking sct v0.6.1
[INFO] [stderr]    Compiling proc-macro-error v1.0.4
[INFO] [stderr]     Checking rustls v0.19.1
[INFO] [stderr]    Compiling pest_generator v2.1.3
[INFO] [stderr]     Checking headers-core v0.2.0
[INFO] [stderr]     Checking atty v0.2.14
[INFO] [stderr]     Checking twoway v0.1.8
[INFO] [stderr]     Checking aho-corasick v0.7.18
[INFO] [stderr]    Compiling figment v0.10.6
[INFO] [stderr]     Checking os_str_bytes v2.4.0
[INFO] [stderr]     Checking either v1.6.1
[INFO] [stderr]     Checking futures-io v0.3.16
[INFO] [stderr]     Checking utf8-width v0.1.5
[INFO] [stderr]     Checking macro-utils v0.1.3
[INFO] [stderr]     Checking inlinable_string v0.1.14
[INFO] [stderr]     Checking minifier v0.0.41
[INFO] [stderr]     Checking html-escape v0.2.9
[INFO] [stderr]     Checking regex v1.5.4
[INFO] [stderr]     Checking multipart v0.17.1
[INFO] [stderr]     Checking headers v0.3.4
[INFO] [stderr]     Checking matchers v0.0.1
[INFO] [stderr]     Checking webpki-roots v0.21.1
[INFO] [stderr]     Checking tracing-log v0.1.2
[INFO] [stderr]     Checking sharded-slab v0.1.3
[INFO] [stderr]     Checking thread_local v1.1.3
[INFO] [stderr]     Checking cow-utils v0.1.2
[INFO] [stderr]     Checking ipnet v2.3.1
[INFO] [stderr]     Checking ansi_term v0.12.1
[INFO] [stderr]    Compiling cargo-husky v1.5.0
[INFO] [stderr]     Checking quick-error v2.0.1
[INFO] [stderr]     Checking latex2mathml v0.2.3
[INFO] [stderr]     Checking fs_extra v1.2.0
[INFO] [stderr]    Compiling tokio-macros v1.3.0
[INFO] [stderr]    Compiling tracing-attributes v0.1.15
[INFO] [stderr]    Compiling darling_macro v0.10.2
[INFO] [stderr]    Compiling pin-project-internal v1.0.8
[INFO] [stderr]    Compiling thiserror-impl v1.0.26
[INFO] [stderr]    Compiling rhai_codegen v1.0.0
[INFO] [stderr]    Compiling darling v0.10.2
[INFO] [stderr]    Compiling derive_builder_core v0.9.0
[INFO] [stderr]     Checking thiserror v1.0.26
[INFO] [stderr]    Compiling enum-ordinalize v3.1.10
[INFO] [stderr]     Checking tracing v0.1.26
[INFO] [stderr]    Compiling pear_codegen v0.2.3
[INFO] [stderr]    Compiling clap_derive v3.0.0-beta.2
[INFO] [stderr]     Checking pin-project v1.0.8
[INFO] [stderr]    Compiling pest_derive v2.1.0
[INFO] [stderr]    Compiling educe v0.4.18
[INFO] [stderr]     Checking pear v0.2.3
[INFO] [stderr]     Checking futures v0.3.16
[INFO] [stderr]     Checking clap v3.0.0-beta.2
[INFO] [stderr]     Checking html-minifier v3.0.13
[INFO] [stderr]     Checking tokio-util v0.6.7
[INFO] [stderr]     Checking tokio-rustls v0.22.0
[INFO] [stderr]     Checking tokio-socks v0.5.1
[INFO] [stderr]     Checking tokio-tungstenite v0.13.0
[INFO] [stderr]     Checking tokio-stream v0.1.7
[INFO] [stderr]     Checking clap_generate v3.0.0-beta.2
[INFO] [stderr]     Checking h2 v0.3.3
[INFO] [stderr]     Checking chrono v0.4.19
[INFO] [stderr]     Checking serde_urlencoded v0.7.0
[INFO] [stderr]     Checking tracing-serde v0.1.2
[INFO] [stderr]     Checking serde_yaml v0.8.17
[INFO] [stderr]     Checking toml v0.5.8
[INFO] [stderr]     Checking rhai v1.0.1
[INFO] [stderr]     Checking diligent-date-parser v0.1.2
[INFO] [stderr]     Checking tracing-subscriber v0.2.19
[INFO] [stderr]     Checking atom_syndication v0.9.1
[INFO] [stderr]     Checking hyper v0.14.11
[INFO] [stderr]     Checking rss v1.10.0
[INFO] [stdout] error[E0425]: cannot find value `args` in this scope
[INFO] [stdout]    --> /opt/rustwide/cargo-home/registry/src/index.crates.io-6f17d22bba15001f/rhai-1.0.1/src/packages/arithmetic.rs:227:42
[INFO] [stdout]     |
[INFO] [stdout] 227 | gen_arithmetic_functions!(arith_basic => INT);
[INFO] [stdout]     |                                          ^^^ not found in this scope
[INFO] [stdout]     |
[INFO] [stdout]     = help: consider importing this function:
[INFO] [stdout]             std::env::args
[INFO] [stdout] 
[INFO] [stdout] 
[INFO] [stdout] error[E0425]: cannot find value `args` in this scope
[INFO] [stdout]    --> /opt/rustwide/cargo-home/registry/src/index.crates.io-6f17d22bba15001f/rhai-1.0.1/src/packages/arithmetic.rs:231:44
[INFO] [stdout]     |
[INFO] [stdout] 231 | gen_arithmetic_functions!(arith_numbers => i8, u8, i16, u16, i32, u32, u64);
[INFO] [stdout]     |                                            ^^ not found in this scope
[INFO] [stdout]     |
[INFO] [stdout]     = help: consider importing this function:
[INFO] [stdout]             std::env::args
[INFO] [stdout] 
[INFO] [stdout] 
[INFO] [stdout] error[E0425]: cannot find value `args` in this scope
[INFO] [stdout]    --> /opt/rustwide/cargo-home/registry/src/index.crates.io-6f17d22bba15001f/rhai-1.0.1/src/packages/arithmetic.rs:231:48
[INFO] [stdout]     |
[INFO] [stdout] 231 | gen_arithmetic_functions!(arith_numbers => i8, u8, i16, u16, i32, u32, u64);
[INFO] [stdout]     |                                                ^^ not found in this scope
[INFO] [stdout]     |
[INFO] [stdout]     = help: consider importing this function:
[INFO] [stdout]             std::env::args
[INFO] [stdout] 
[INFO] [stdout] 
[INFO] [stdout] error[E0425]: cannot find value `args` in this scope
[INFO] [stdout]    --> /opt/rustwide/cargo-home/registry/src/index.crates.io-6f17d22bba15001f/rhai-1.0.1/src/packages/arithmetic.rs:231:52
[INFO] [stdout]     |
[INFO] [stdout] 231 | gen_arithmetic_functions!(arith_numbers => i8, u8, i16, u16, i32, u32, u64);
[INFO] [stdout]     |                                                    ^^^ not found in this scope
[INFO] [stdout]     |
[INFO] [stdout]     = help: consider importing this function:
[INFO] [stdout]             std::env::args
[INFO] [stdout] 
[INFO] [stdout] 
[INFO] [stdout] error[E0425]: cannot find value `args` in this scope
[INFO] [stdout]    --> /opt/rustwide/cargo-home/registry/src/index.crates.io-6f17d22bba15001f/rhai-1.0.1/src/packages/arithmetic.rs:231:57
[INFO] [stdout]     |
[INFO] [stdout] 231 | gen_arithmetic_functions!(arith_numbers => i8, u8, i16, u16, i32, u32, u64);
[INFO] [stdout]     |                                                         ^^^ not found in this scope
[INFO] [stdout]     |
[INFO] [stdout]     = help: consider importing this function:
[INFO] [stdout]             std::env::args
[INFO] [stdout] 
[INFO] [stdout] 
[INFO] [stdout] error[E0425]: cannot find value `args` in this scope
[INFO] [stdout]    --> /opt/rustwide/cargo-home/registry/src/index.crates.io-6f17d22bba15001f/rhai-1.0.1/src/packages/arithmetic.rs:231:62
[INFO] [stdout]     |
[INFO] [stdout] 231 | gen_arithmetic_functions!(arith_numbers => i8, u8, i16, u16, i32, u32, u64);
[INFO] [stdout]     |                                                              ^^^ not found in this scope
[INFO] [stdout]     |
[INFO] [stdout]     = help: consider importing this function:
[INFO] [stdout]             std::env::args
[INFO] [stdout] 
[INFO] [stdout] 
[INFO] [stdout] error[E0425]: cannot find value `args` in this scope
[INFO] [stdout]    --> /opt/rustwide/cargo-home/registry/src/index.crates.io-6f17d22bba15001f/rhai-1.0.1/src/packages/arithmetic.rs:231:67
[INFO] [stdout]     |
[INFO] [stdout] 231 | gen_arithmetic_functions!(arith_numbers => i8, u8, i16, u16, i32, u32, u64);
[INFO] [stdout]     |                                                                   ^^^ not found in this scope
[INFO] [stdout]     |
[INFO] [stdout]     = help: consider importing this function:
[INFO] [stdout]             std::env::args
[INFO] [stdout] 
[INFO] [stdout] 
[INFO] [stdout] error[E0425]: cannot find value `args` in this scope
[INFO] [stdout]    --> /opt/rustwide/cargo-home/registry/src/index.crates.io-6f17d22bba15001f/rhai-1.0.1/src/packages/arithmetic.rs:231:72
[INFO] [stdout]     |
[INFO] [stdout] 231 | gen_arithmetic_functions!(arith_numbers => i8, u8, i16, u16, i32, u32, u64);
[INFO] [stdout]     |                                                                        ^^^ not found in this scope
[INFO] [stdout]     |
[INFO] [stdout]     = help: consider importing this function:
[INFO] [stdout]             std::env::args
[INFO] [stdout] 
[INFO] [stdout] 
[INFO] [stdout] error[E0425]: cannot find value `args` in this scope
[INFO] [stdout]    --> /opt/rustwide/cargo-home/registry/src/index.crates.io-6f17d22bba15001f/rhai-1.0.1/src/packages/arithmetic.rs:236:44
[INFO] [stdout]     |
[INFO] [stdout] 236 | gen_arithmetic_functions!(arith_num_128 => i128, u128);
[INFO] [stdout]     |                                            ^^^^ not found in this scope
[INFO] [stdout]     |
[INFO] [stdout]     = help: consider importing this function:
[INFO] [stdout]             std::env::args
[INFO] [stdout] 
[INFO] [stdout] 
[INFO] [stdout] error[E0425]: cannot find value `args` in this scope
[INFO] [stdout]    --> /opt/rustwide/cargo-home/registry/src/index.crates.io-6f17d22bba15001f/rhai-1.0.1/src/packages/arithmetic.rs:236:50
[INFO] [stdout]     |
[INFO] [stdout] 236 | gen_arithmetic_functions!(arith_num_128 => i128, u128);
[INFO] [stdout]     |                                                  ^^^^ not found in this scope
[INFO] [stdout]     |
[INFO] [stdout]     = help: consider importing this function:
[INFO] [stdout]             std::env::args
[INFO] [stdout] 
[INFO] [stdout] 
[INFO] [stdout] error[E0425]: cannot find value `args` in this scope
[INFO] [stdout]    --> /opt/rustwide/cargo-home/registry/src/index.crates.io-6f17d22bba15001f/rhai-1.0.1/src/packages/arithmetic.rs:238:39
[INFO] [stdout]     |
[INFO] [stdout] 238 | gen_signed_functions!(signed_basic => INT);
[INFO] [stdout]     |                                       ^^^ not found in this scope
[INFO] [stdout]     |
[INFO] [stdout]     = help: consider importing this function:
[INFO] [stdout]             std::env::args
[INFO] [stdout] 
[INFO] [stdout] 
[INFO] [stdout] error[E0425]: cannot find value `args` in this scope
[INFO] [stdout]    --> /opt/rustwide/cargo-home/registry/src/index.crates.io-6f17d22bba15001f/rhai-1.0.1/src/packages/arithmetic.rs:242:41
[INFO] [stdout]     |
[INFO] [stdout] 242 | gen_signed_functions!(signed_numbers => i8, i16, i32);
[INFO] [stdout]     |                                         ^^ not found in this scope
[INFO] [stdout]     |
[INFO] [stdout]     = help: consider importing this function:
[INFO] [stdout]             std::env::args
[INFO] [stdout] 
[INFO] [stdout] 
[INFO] [stdout] error[E0425]: cannot find value `args` in this scope
[INFO] [stdout]    --> /opt/rustwide/cargo-home/registry/src/index.crates.io-6f17d22bba15001f/rhai-1.0.1/src/packages/arithmetic.rs:242:45
[INFO] [stdout]     |
[INFO] [stdout] 242 | gen_signed_functions!(signed_numbers => i8, i16, i32);
[INFO] [stdout]     |                                             ^^^ not found in this scope
[INFO] [stdout]     |
[INFO] [stdout]     = help: consider importing this function:
[INFO] [stdout]             std::env::args
[INFO] [stdout] 
[INFO] [stdout] 
[INFO] [stdout] error[E0425]: cannot find value `args` in this scope
[INFO] [stdout]    --> /opt/rustwide/cargo-home/registry/src/index.crates.io-6f17d22bba15001f/rhai-1.0.1/src/packages/arithmetic.rs:242:50
[INFO] [stdout]     |
[INFO] [stdout] 242 | gen_signed_functions!(signed_numbers => i8, i16, i32);
[INFO] [stdout]     |                                                  ^^^ not found in this scope
[INFO] [stdout]     |
[INFO] [stdout]     = help: consider importing this function:
[INFO] [stdout]             std::env::args
[INFO] [stdout] 
[INFO] [stdout] 
[INFO] [stdout] error[E0425]: cannot find value `args` in this scope
[INFO] [stdout]    --> /opt/rustwide/cargo-home/registry/src/index.crates.io-6f17d22bba15001f/rhai-1.0.1/src/packages/arithmetic.rs:247:41
[INFO] [stdout]     |
[INFO] [stdout] 247 | gen_signed_functions!(signed_num_128 => i128);
[INFO] [stdout]     |                                         ^^^^ not found in this scope
[INFO] [stdout]     |
[INFO] [stdout]     = help: consider importing this function:
[INFO] [stdout]             std::env::args
[INFO] [stdout] 
[INFO] [stdout] 
[INFO] [stdout] error[E0425]: cannot find value `args` in this scope
[INFO] [stdout]   --> /opt/rustwide/cargo-home/registry/src/index.crates.io-6f17d22bba15001f/rhai-1.0.1/src/packages/logic.rs:74:31
[INFO] [stdout]    |
[INFO] [stdout] 74 | gen_cmp_functions!(numbers => i8, u8, i16, u16, i32, u32, u64);
[INFO] [stdout]    |                               ^^ not found in this scope
[INFO] [stdout]    |
[INFO] [stdout]    = help: consider importing this function:
[INFO] [stdout]            std::env::args
[INFO] [stdout] 
[INFO] [stdout] 
[INFO] [stdout] error[E0425]: cannot find value `args` in this scope
[INFO] [stdout]   --> /opt/rustwide/cargo-home/registry/src/index.crates.io-6f17d22bba15001f/rhai-1.0.1/src/packages/logic.rs:74:35
[INFO] [stdout]    |
[INFO] [stdout] 74 | gen_cmp_functions!(numbers => i8, u8, i16, u16, i32, u32, u64);
[INFO] [stdout]    |                                   ^^ not found in this scope
[INFO] [stdout]    |
[INFO] [stdout]    = help: consider importing this function:
[INFO] [stdout]            std::env::args
[INFO] [stdout] 
[INFO] [stdout] 
[INFO] [stdout] error[E0425]: cannot find value `args` in this scope
[INFO] [stdout]   --> /opt/rustwide/cargo-home/registry/src/index.crates.io-6f17d22bba15001f/rhai-1.0.1/src/packages/logic.rs:74:39
[INFO] [stdout]    |
[INFO] [stdout] 74 | gen_cmp_functions!(numbers => i8, u8, i16, u16, i32, u32, u64);
[INFO] [stdout]    |                                       ^^^ not found in this scope
[INFO] [stdout]    |
[INFO] [stdout]    = help: consider importing this function:
[INFO] [stdout]            std::env::args
[INFO] [stdout] 
[INFO] [stdout] 
[INFO] [stdout] error[E0425]: cannot find value `args` in this scope
[INFO] [stdout]   --> /opt/rustwide/cargo-home/registry/src/index.crates.io-6f17d22bba15001f/rhai-1.0.1/src/packages/logic.rs:74:44
[INFO] [stdout]    |
[INFO] [stdout] 74 | gen_cmp_functions!(numbers => i8, u8, i16, u16, i32, u32, u64);
[INFO] [stdout]    |                                            ^^^ not found in this scope
[INFO] [stdout]    |
[INFO] [stdout]    = help: consider importing this function:
[INFO] [stdout]            std::env::args
[INFO] [stdout] 
[INFO] [stdout] 
[INFO] [stdout] error[E0425]: cannot find value `args` in this scope
[INFO] [stdout]   --> /opt/rustwide/cargo-home/registry/src/index.crates.io-6f17d22bba15001f/rhai-1.0.1/src/packages/logic.rs:74:49
[INFO] [stdout]    |
[INFO] [stdout] 74 | gen_cmp_functions!(numbers => i8, u8, i16, u16, i32, u32, u64);
[INFO] [stdout]    |                                                 ^^^ not found in this scope
[INFO] [stdout]    |
[INFO] [stdout]    = help: consider importing this function:
[INFO] [stdout]            std::env::args
[INFO] [stdout] 
[INFO] [stdout] 
[INFO] [stdout] error[E0425]: cannot find value `args` in this scope
[INFO] [stdout]   --> /opt/rustwide/cargo-home/registry/src/index.crates.io-6f17d22bba15001f/rhai-1.0.1/src/packages/logic.rs:74:54
[INFO] [stdout]    |
[INFO] [stdout] 74 | gen_cmp_functions!(numbers => i8, u8, i16, u16, i32, u32, u64);
[INFO] [stdout]    |                                                      ^^^ not found in this scope
[INFO] [stdout]    |
[INFO] [stdout]    = help: consider importing this function:
[INFO] [stdout]            std::env::args
[INFO] [stdout] 
[INFO] [stdout] 
[INFO] [stdout] error[E0425]: cannot find value `args` in this scope
[INFO] [stdout]   --> /opt/rustwide/cargo-home/registry/src/index.crates.io-6f17d22bba15001f/rhai-1.0.1/src/packages/logic.rs:74:59
[INFO] [stdout]    |
[INFO] [stdout] 74 | gen_cmp_functions!(numbers => i8, u8, i16, u16, i32, u32, u64);
[INFO] [stdout]    |                                                           ^^^ not found in this scope
[INFO] [stdout]    |
[INFO] [stdout]    = help: consider importing this function:
[INFO] [stdout]            std::env::args
[INFO] [stdout] 
[INFO] [stdout] 
[INFO] [stdout] error[E0425]: cannot find value `args` in this scope
[INFO] [stdout]   --> /opt/rustwide/cargo-home/registry/src/index.crates.io-6f17d22bba15001f/rhai-1.0.1/src/packages/logic.rs:79:31
[INFO] [stdout]    |
[INFO] [stdout] 79 | gen_cmp_functions!(num_128 => i128, u128);
[INFO] [stdout]    |                               ^^^^ not found in this scope
[INFO] [stdout]    |
[INFO] [stdout]    = help: consider importing this function:
[INFO] [stdout]            std::env::args
[INFO] [stdout] 
[INFO] [stdout] 
[INFO] [stdout] error[E0425]: cannot find value `args` in this scope
[INFO] [stdout]   --> /opt/rustwide/cargo-home/registry/src/index.crates.io-6f17d22bba15001f/rhai-1.0.1/src/packages/logic.rs:79:37
[INFO] [stdout]    |
[INFO] [stdout] 79 | gen_cmp_functions!(num_128 => i128, u128);
[INFO] [stdout]    |                                     ^^^^ not found in this scope
[INFO] [stdout]    |
[INFO] [stdout]    = help: consider importing this function:
[INFO] [stdout]            std::env::args
[INFO] [stdout] 
[INFO] [stdout] 
[INFO] [stdout] error[E0425]: cannot find value `args` in this scope
[INFO] [stdout]   --> /opt/rustwide/cargo-home/registry/src/index.crates.io-6f17d22bba15001f/rhai-1.0.1/src/packages/logic.rs:83:29
[INFO] [stdout]    |
[INFO] [stdout] 83 | gen_cmp_functions!(float => f32);
[INFO] [stdout]    |                             ^^^ not found in this scope
[INFO] [stdout]    |
[INFO] [stdout]    = help: consider importing this function:
[INFO] [stdout]            std::env::args
[INFO] [stdout] 
[INFO] [stdout] 
[INFO] [stdout] error[E0425]: cannot find value `args` in this scope
[INFO] [stdout]    --> /opt/rustwide/cargo-home/registry/src/index.crates.io-6f17d22bba15001f/rhai-1.0.1/src/packages/math_basic.rs:480:58
[INFO] [stdout]     |
[INFO] [stdout] 480 | gen_conversion_as_functions!(basic_to_float => to_float (INT) -> FLOAT);
[INFO] [stdout]     |                                                          ^^^ not found in this scope
[INFO] [stdout]     |
[INFO] [stdout]     = help: consider importing this function:
[INFO] [stdout]             std::env::args
[INFO] [stdout] 
[INFO] [stdout] 
[INFO] [stdout] error[E0425]: cannot find value `args` in this scope
[INFO] [stdout]    --> /opt/rustwide/cargo-home/registry/src/index.crates.io-6f17d22bba15001f/rhai-1.0.1/src/packages/math_basic.rs:485:60
[INFO] [stdout]     |
[INFO] [stdout] 485 | gen_conversion_as_functions!(numbers_to_float => to_float (i8, u8, i16, u16, i32, u32, i64, u64) -> FLOAT);
[INFO] [stdout]     |                                                            ^^ not found in this scope
[INFO] [stdout]     |
[INFO] [stdout]     = help: consider importing this function:
[INFO] [stdout]             std::env::args
[INFO] [stdout] 
[INFO] [stdout] 
[INFO] [stdout] error[E0425]: cannot find value `args` in this scope
[INFO] [stdout]    --> /opt/rustwide/cargo-home/registry/src/index.crates.io-6f17d22bba15001f/rhai-1.0.1/src/packages/math_basic.rs:485:64
[INFO] [stdout]     |
[INFO] [stdout] 485 | gen_conversion_as_functions!(numbers_to_float => to_float (i8, u8, i16, u16, i32, u32, i64, u64) -> FLOAT);
[INFO] [stdout]     |                                                                ^^ not found in this scope
[INFO] [stdout]     |
[INFO] [stdout]     = help: consider importing this function:
[INFO] [stdout]             std::env::args
[INFO] [stdout] 
[INFO] [stdout] 
[INFO] [stdout] error[E0425]: cannot find value `args` in this scope
[INFO] [stdout]    --> /opt/rustwide/cargo-home/registry/src/index.crates.io-6f17d22bba15001f/rhai-1.0.1/src/packages/math_basic.rs:485:68
[INFO] [stdout]     |
[INFO] [stdout] 485 | gen_conversion_as_functions!(numbers_to_float => to_float (i8, u8, i16, u16, i32, u32, i64, u64) -> FLOAT);
[INFO] [stdout]     |                                                                    ^^^ not found in this scope
[INFO] [stdout]     |
[INFO] [stdout]     = help: consider importing this function:
[INFO] [stdout]             std::env::args
[INFO] [stdout] 
[INFO] [stdout] 
[INFO] [stdout] error[E0425]: cannot find value `args` in this scope
[INFO] [stdout]    --> /opt/rustwide/cargo-home/registry/src/index.crates.io-6f17d22bba15001f/rhai-1.0.1/src/packages/math_basic.rs:485:73
[INFO] [stdout]     |
[INFO] [stdout] 485 | gen_conversion_as_functions!(numbers_to_float => to_float (i8, u8, i16, u16, i32, u32, i64, u64) -> FLOAT);
[INFO] [stdout]     |                                                                         ^^^ not found in this scope
[INFO] [stdout]     |
[INFO] [stdout]     = help: consider importing this function:
[INFO] [stdout]             std::env::args
[INFO] [stdout] 
[INFO] [stdout] 
[INFO] [stdout] error[E0425]: cannot find value `args` in this scope
[INFO] [stdout]    --> /opt/rustwide/cargo-home/registry/src/index.crates.io-6f17d22bba15001f/rhai-1.0.1/src/packages/math_basic.rs:485:78
[INFO] [stdout]     |
[INFO] [stdout] 485 | gen_conversion_as_functions!(numbers_to_float => to_float (i8, u8, i16, u16, i32, u32, i64, u64) -> FLOAT);
[INFO] [stdout]     |                                                                              ^^^ not found in this scope
[INFO] [stdout]     |
[INFO] [stdout]     = help: consider importing this function:
[INFO] [stdout]             std::env::args
[INFO] [stdout] 
[INFO] [stdout] 
[INFO] [stdout] error[E0425]: cannot find value `args` in this scope
[INFO] [stdout]    --> /opt/rustwide/cargo-home/registry/src/index.crates.io-6f17d22bba15001f/rhai-1.0.1/src/packages/math_basic.rs:485:83
[INFO] [stdout]     |
[INFO] [stdout] 485 | gen_conversion_as_functions!(numbers_to_float => to_float (i8, u8, i16, u16, i32, u32, i64, u64) -> FLOAT);
[INFO] [stdout]     |                                                                                   ^^^ not found in this scope
[INFO] [stdout]     |
[INFO] [stdout]     = help: consider importing this function:
[INFO] [stdout]             std::env::args
[INFO] [stdout] 
[INFO] [stdout] 
[INFO] [stdout] error[E0425]: cannot find value `args` in this scope
[INFO] [stdout]    --> /opt/rustwide/cargo-home/registry/src/index.crates.io-6f17d22bba15001f/rhai-1.0.1/src/packages/math_basic.rs:485:88
[INFO] [stdout]     |
[INFO] [stdout] 485 | gen_conversion_as_functions!(numbers_to_float => to_float (i8, u8, i16, u16, i32, u32, i64, u64) -> FLOAT);
[INFO] [stdout]     |                                                                                        ^^^ not found in this scope
[INFO] [stdout]     |
[INFO] [stdout]     = help: consider importing this function:
[INFO] [stdout]             std::env::args
[INFO] [stdout] 
[INFO] [stdout] 
[INFO] [stdout] error[E0425]: cannot find value `args` in this scope
[INFO] [stdout]    --> /opt/rustwide/cargo-home/registry/src/index.crates.io-6f17d22bba15001f/rhai-1.0.1/src/packages/math_basic.rs:485:93
[INFO] [stdout]     |
[INFO] [stdout] 485 | gen_conversion_as_functions!(numbers_to_float => to_float (i8, u8, i16, u16, i32, u32, i64, u64) -> FLOAT);
[INFO] [stdout]     |                                                                                             ^^^ not found in this scope
[INFO] [stdout]     |
[INFO] [stdout]     = help: consider importing this function:
[INFO] [stdout]             std::env::args
[INFO] [stdout] 
[INFO] [stdout] 
[INFO] [stdout] error[E0425]: cannot find value `args` in this scope
[INFO] [stdout]    --> /opt/rustwide/cargo-home/registry/src/index.crates.io-6f17d22bba15001f/rhai-1.0.1/src/packages/math_basic.rs:491:60
[INFO] [stdout]     |
[INFO] [stdout] 491 | gen_conversion_as_functions!(num_128_to_float => to_float (i128, u128) -> FLOAT);
[INFO] [stdout]     |                                                            ^^^^ not found in this scope
[INFO] [stdout]     |
[INFO] [stdout]     = help: consider importing this function:
[INFO] [stdout]             std::env::args
[INFO] [stdout] 
[INFO] [stdout] 
[INFO] [stdout] error[E0425]: cannot find value `args` in this scope
[INFO] [stdout]    --> /opt/rustwide/cargo-home/registry/src/index.crates.io-6f17d22bba15001f/rhai-1.0.1/src/packages/math_basic.rs:491:66
[INFO] [stdout]     |
[INFO] [stdout] 491 | gen_conversion_as_functions!(num_128_to_float => to_float (i128, u128) -> FLOAT);
[INFO] [stdout]     |                                                                  ^^^^ not found in this scope
[INFO] [stdout]     |
[INFO] [stdout]     = help: consider importing this function:
[INFO] [stdout]             std::env::args
[INFO] [stdout] 
[INFO] [stdout] 
[INFO] [stdout] error[E0425]: cannot find value `args` in this scope
[INFO] [stdout]    --> /opt/rustwide/cargo-home/registry/src/index.crates.io-6f17d22bba15001f/rhai-1.0.1/src/packages/math_basic.rs:493:54
[INFO] [stdout]     |
[INFO] [stdout] 493 | gen_conversion_as_functions!(basic_to_int => to_int (char) -> INT);
[INFO] [stdout]     |                                                      ^^^^ not found in this scope
[INFO] [stdout]     |
[INFO] [stdout]     = help: consider importing this function:
[INFO] [stdout]             std::env::args
[INFO] [stdout] 
[INFO] [stdout] 
[INFO] [stdout] error[E0425]: cannot find value `args` in this scope
[INFO] [stdout]    --> /opt/rustwide/cargo-home/registry/src/index.crates.io-6f17d22bba15001f/rhai-1.0.1/src/packages/math_basic.rs:497:56
[INFO] [stdout]     |
[INFO] [stdout] 497 | gen_conversion_as_functions!(numbers_to_int => to_int (i8, u8, i16, u16, i32, u32, i64, u64) -> INT);
[INFO] [stdout]     |                                                        ^^ not found in this scope
[INFO] [stdout]     |
[INFO] [stdout]     = help: consider importing this function:
[INFO] [stdout]             std::env::args
[INFO] [stdout] 
[INFO] [stdout] 
[INFO] [stdout] error[E0425]: cannot find value `args` in this scope
[INFO] [stdout]    --> /opt/rustwide/cargo-home/registry/src/index.crates.io-6f17d22bba15001f/rhai-1.0.1/src/packages/math_basic.rs:497:60
[INFO] [stdout]     |
[INFO] [stdout] 497 | gen_conversion_as_functions!(numbers_to_int => to_int (i8, u8, i16, u16, i32, u32, i64, u64) -> INT);
[INFO] [stdout]     |                                                            ^^ not found in this scope
[INFO] [stdout]     |
[INFO] [stdout]     = help: consider importing this function:
[INFO] [stdout]             std::env::args
[INFO] [stdout] 
[INFO] [stdout] 
[INFO] [stdout] error[E0425]: cannot find value `args` in this scope
[INFO] [stdout]    --> /opt/rustwide/cargo-home/registry/src/index.crates.io-6f17d22bba15001f/rhai-1.0.1/src/packages/math_basic.rs:497:64
[INFO] [stdout]     |
[INFO] [stdout] 497 | gen_conversion_as_functions!(numbers_to_int => to_int (i8, u8, i16, u16, i32, u32, i64, u64) -> INT);
[INFO] [stdout]     |                                                                ^^^ not found in this scope
[INFO] [stdout]     |
[INFO] [stdout]     = help: consider importing this function:
[INFO] [stdout]             std::env::args
[INFO] [stdout] 
[INFO] [stdout] 
[INFO] [stdout] error[E0425]: cannot find value `args` in this scope
[INFO] [stdout]    --> /opt/rustwide/cargo-home/registry/src/index.crates.io-6f17d22bba15001f/rhai-1.0.1/src/packages/math_basic.rs:497:69
[INFO] [stdout]     |
[INFO] [stdout] 497 | gen_conversion_as_functions!(numbers_to_int => to_int (i8, u8, i16, u16, i32, u32, i64, u64) -> INT);
[INFO] [stdout]     |                                                                     ^^^ not found in this scope
[INFO] [stdout]     |
[INFO] [stdout]     = help: consider importing this function:
[INFO] [stdout]             std::env::args
[INFO] [stdout] 
[INFO] [stdout] 
[INFO] [stdout] error[E0425]: cannot find value `args` in this scope
[INFO] [stdout]    --> /opt/rustwide/cargo-home/registry/src/index.crates.io-6f17d22bba15001f/rhai-1.0.1/src/packages/math_basic.rs:497:74
[INFO] [stdout]     |
[INFO] [stdout] 497 | gen_conversion_as_functions!(numbers_to_int => to_int (i8, u8, i16, u16, i32, u32, i64, u64) -> INT);
[INFO] [stdout]     |                                                                          ^^^ not found in this scope
[INFO] [stdout]     |
[INFO] [stdout]     = help: consider importing this function:
[INFO] [stdout]             std::env::args
[INFO] [stdout] 
[INFO] [stdout] 
[INFO] [stdout] error[E0425]: cannot find value `args` in this scope
[INFO] [stdout]    --> /opt/rustwide/cargo-home/registry/src/index.crates.io-6f17d22bba15001f/rhai-1.0.1/src/packages/math_basic.rs:497:79
[INFO] [stdout]     |
[INFO] [stdout] 497 | gen_conversion_as_functions!(numbers_to_int => to_int (i8, u8, i16, u16, i32, u32, i64, u64) -> INT);
[INFO] [stdout]     |                                                                               ^^^ not found in this scope
[INFO] [stdout]     |
[INFO] [stdout]     = help: consider importing this function:
[INFO] [stdout]             std::env::args
[INFO] [stdout] 
[INFO] [stdout] 
[INFO] [stdout] error[E0425]: cannot find value `args` in this scope
[INFO] [stdout]    --> /opt/rustwide/cargo-home/registry/src/index.crates.io-6f17d22bba15001f/rhai-1.0.1/src/packages/math_basic.rs:497:84
[INFO] [stdout]     |
[INFO] [stdout] 497 | gen_conversion_as_functions!(numbers_to_int => to_int (i8, u8, i16, u16, i32, u32, i64, u64) -> INT);
[INFO] [stdout]     |                                                                                    ^^^ not found in this scope
[INFO] [stdout]     |
[INFO] [stdout]     = help: consider importing this function:
[INFO] [stdout]             std::env::args
[INFO] [stdout] 
[INFO] [stdout] 
[INFO] [stdout] error[E0425]: cannot find value `args` in this scope
[INFO] [stdout]    --> /opt/rustwide/cargo-home/registry/src/index.crates.io-6f17d22bba15001f/rhai-1.0.1/src/packages/math_basic.rs:497:89
[INFO] [stdout]     |
[INFO] [stdout] 497 | gen_conversion_as_functions!(numbers_to_int => to_int (i8, u8, i16, u16, i32, u32, i64, u64) -> INT);
[INFO] [stdout]     |                                                                                         ^^^ not found in this scope
[INFO] [stdout]     |
[INFO] [stdout]     = help: consider importing this function:
[INFO] [stdout]             std::env::args
[INFO] [stdout] 
[INFO] [stdout] 
[INFO] [stdout] error[E0425]: cannot find value `args` in this scope
[INFO] [stdout]    --> /opt/rustwide/cargo-home/registry/src/index.crates.io-6f17d22bba15001f/rhai-1.0.1/src/packages/math_basic.rs:502:56
[INFO] [stdout]     |
[INFO] [stdout] 502 | gen_conversion_as_functions!(num_128_to_int => to_int (i128, u128) -> INT);
[INFO] [stdout]     |                                                        ^^^^ not found in this scope
[INFO] [stdout]     |
[INFO] [stdout]     = help: consider importing this function:
[INFO] [stdout]             std::env::args
[INFO] [stdout] 
[INFO] [stdout] 
[INFO] [stdout] error[E0425]: cannot find value `args` in this scope
[INFO] [stdout]    --> /opt/rustwide/cargo-home/registry/src/index.crates.io-6f17d22bba15001f/rhai-1.0.1/src/packages/math_basic.rs:502:62
[INFO] [stdout]     |
[INFO] [stdout] 502 | gen_conversion_as_functions!(num_128_to_int => to_int (i128, u128) -> INT);
[INFO] [stdout]     |                                                              ^^^^ not found in this scope
[INFO] [stdout]     |
[INFO] [stdout]     = help: consider importing this function:
[INFO] [stdout]             std::env::args
[INFO] [stdout] 
[INFO] [stdout] 
[INFO] [stderr]     Checking hyper-rustls v0.22.1
[INFO] [stderr]     Checking warp v0.3.1
[INFO] [stderr]     Checking reqwest v0.11.4
[INFO] [stdout] error: aborting due to 47 previous errors
[INFO] [stdout] 
[INFO] [stdout] 
[INFO] [stdout] For more information about this error, try `rustc --explain E0425`.
[INFO] [stdout] 
[INFO] [stderr] error: could not compile `rhai` (lib) due to 48 previous errors
[INFO] running `Command { std: "docker" "inspect" "688f7986c49a97523783447a9e93e781d41a7cb4cb82811d4baeaa7563c0ba7e", kill_on_drop: false }`
[INFO] running `Command { std: "docker" "rm" "-f" "688f7986c49a97523783447a9e93e781d41a7cb4cb82811d4baeaa7563c0ba7e", kill_on_drop: false }`
[INFO] [stdout] 688f7986c49a97523783447a9e93e781d41a7cb4cb82811d4baeaa7563c0ba7e
